der when 80932678 is divided by 34?
30
What is the remainder when 17016 is divided by 8351?
314
What is the remainder when 2095102 is divided by 41?
2
What is the remainder when 55371 is divided by 1345?
226
What is the remainder when 602039 is divided by 4737?
440
What is the remainder when 2250996 is divided by 48?
36
Calculate the remainder when 141091 is divided by 10033.
629
Calculate the remainder when 113494 is divided by 18907.
52
What is the remainder when 959242 is divided by 3026?
0
What is the remainder when 2366664 is divided by 107567?
190
What is the remainder when 11084048 is divided by 1916?
1904
Calculate the remainder when 67634696 is divided by 642.
638
What is the remainder when 4288817 is divided by 1507?
1402
Calculate the remainder when 315360879 is divided by 7945.
7939
What is the remainder when 1742571 is divided by 111?
93
What is the remainder when 85083701 is divided by 11?
10
What is the remainder when 38708078 is divided by 15144?
14
What is the remainder when 6234611 is divided by 19?
8
Calculate the remainder when 84836255 is divided by 42418117.
21
What is the remainder when 85780 is divided by 387?
253
What is the remainder when 66038 is divided by 3648?
374
Calculate the remainder when 1371223 is divided by 349.
2
What is the remainder when 129939 is divided by 10827?
15
What is the remainder when 1085019 is divided by 9191?
481
What is the remainder when 5500599 is divided by 2750288?
23
Calculate the remainder when 49471211 is divided by 16490401.
8
What is the remainder when 10730102 is divided by 629?
620
Calculate the remainder when 17896125 is divided by 249.
246
Calculate the remainder when 1030218 is divided by 1029806.
412
What is the remainder when 864068 is divided by 45473?
81
Calculate the remainder when 37207387 is divided by 16.
11
Calculate the remainder when 208671 is divided by 5782.
519
Calculate the remainder when 10811125 is divided by 31.
30
What is the remainder when 1077933 is divided by 2610?
3
What is the remainder when 195160 is divided by 1840?
120
Calculate the remainder when 8204808 is divided by 4102341.
126
Calculate the remainder when 37959389 is divided by 2031.
2030
Calculate the remainder when 26072255 is divided by 237020.
55
What is the remainder when 564130 is divided by 94002?
118
What is the remainder when 9853860 is divided by 40886?
334
What is the remainder when 27035 is divided by 13383?
269
What is the remainder when 7790254 is divided by 8?
6
Calculate the remainder when 12287768 is divided by 39.
38
Calculate the remainder when 143467 is divided by 298.
129
Calculate the remainder when 712826220 is divided by 11.
7
Calculate the remainder when 271659 is divided by 135812.
35
What is the remainder when 11663 is divided by 690?
623
Calculate the remainder when 181403 is divided by 4326.
4037
Calculate the remainder when 1351021 is divided by 225123.
283
What is the remainder when 59364 is divided by 2827?
2824
What is the remainder when 1639637 is divided by 179?
176
Calculate the remainder when 8224379 is divided by 90.
89
What is the remainder when 7517127 is divided by 268?
263
What is the remainder when 21365 is divided by 5199?
569
Calculate the remainder when 546164 is divided by 47.
24
What is the remainder when 99195569 is divided by 2308?
37
Calculate the remainder when 89182 is divided by 17765.
357
What is the remainder when 1393306 is divided by 16015?
1
What is the remainder when 239055 is divided by 1262?
537
Calculate the remainder when 269719 is divided by 37.
26
Calculate the remainder when 10673191 is divided by 99.
1
What is the remainder when 11332184 is divided by 257549?
28
Calculate the remainder when 256731 is divided by 1950.
1281
What is the remainder when 10931 is divided by 10551?
380
What is the remainder when 22699755 is divided by 980?
15
Calculate the remainder when 13101791 is divided by 44.
43
Calculate the remainder when 88011263 is divided by 274.
271
What is the remainder when 108882 is divided by 2019?
1875
Calculate the remainder when 487175 is divided by 7495.
0
What is the remainder when 38656890 is divided by 444332?
6
Calculate the remainder when 29424255 is divided by 3008.
3007
Calculate the remainder when 53562388 is divided by 581.
579
What is the remainder when 1219441 is divided by 64166?
287
Calculate the remainder when 1873644 is divided by 223.
221
What is the remainder when 2158573 is divided by 196231?
32
What is the remainder when 138451 is divided by 876?
43
What is the remainder when 214152 is divided by 14276?
12
What is the remainder when 144740 is divided by 20528?
1044
What is the remainder when 1943832 is divided by 1902?
1890
What is the remainder when 33888 is divided by 210?
78
What is the remainder when 1541124 is divided by 205?
139
What is the remainder when 1721920 is divided by 20998?
84
Calculate the remainder when 2521226 is divided by 1373.
398
Calculate the remainder when 18866 is divided by 381.
197
What is the remainder when 2599326 is divided by 1494?
1260
Calculate the remainder when 255164 is divided by 8505.
14
Calculate the remainder when 165638447 is divided by 43.
39
Calculate the remainder when 13231285 is divided by 4361.
11
What is the remainder when 51018 is divided by 194?
190
Calculate the remainder when 5267459 is divided by 1012.
1011
What is the remainder when 638935 is divided by 1094?
39
Calculate the remainder when 137938 is divided by 22987.
16
What is the remainder when 38673 is divided by 2778?
2559
What is the remainder when 15154259 is divided by 202?
17
Calculate the remainder when 217939 is divided by 3249.
256
Calculate the remainder when 2975653 is divided by 123966.
469
What is the remainder when 1594209 is divided by 33919?
16
Calculate the remainder when 3876434 is divided by 265.
14
Calculate the remainder when 24191 is divided by 10734.
2723
What is the remainder when 20726 is divided by 20709?
17
What is the remainder when 7405 is divided by 1139?
571
What is the remainder when 1327481 is divided by 7714?
673
Calculate the remainder when 79800 is divided by 9910.
520
Calculate the remainder when 9959956 is divided by 93.
28
What is the remainder when 694835 is divided by 86827?
219
Calculate the remainder when 27871 is divided by 9093.
592
Calculate the remainder when 2637641 is divided by 879210.
11
What is the remainder when 2536560 is divided by 421?
35
What is the remainder when 5776 is divided by 464?
208
Calculate the remainder when 94978 is divided by 8662.
8358
Calculate the remainder when 16281098 is divided by 984.
818
Calculate the remainder when 1877321 is divided by 4680.
641
Calculate the remainder when 44012185 is divided by 1574.
1571
What is the remainder when 5517041 is divided by 1011?
14
Calculate the remainder when 840620 is divided by 84053.
90
What is the remainder when 322309 is divided by 106984?
1357
Calculate the remainder when 2115977 is divided by 460.
437
Calculate the remainder when 7754374 is divided by 808.
806
Calculate the remainder when 4246822 is divided by 102.
52
Calculate the remainder when 162374 is divided by 32463.
59
Calculate the remainder when 118759089 is divided by 278.
269
What is the remainder when 5110813 is divided by 78?
19
Calculate the remainder when 29598901 is divided by 7399723.
9
What is the remainder when 585611 is divided by 4470?
41
What is the remainder when 642007 is divided by 1340?
147
What is the remainder when 5184213 is divided by 157097?
12
Calculate the remainder when 57043966 is divided by 28521971.
24
What is the remainder when 886341 is divided by 4105?
3766
What is the remainder when 199957 is divided by 2618?
989
What is the remainder when 557403 is divided by 45?
33
What is the remainder when 1867397 is divided by 3382?
533
Calculate the remainder when 15574923 is divided by 819.
0
What is the remainder when 1094381 is divided by 46?
41
Calculate the remainder when 4777674 is divided by 163.
144
What is the remainder when 6570552 is divided by 1642632?
24
Calculate the remainder when 14924521 is divided by 240718.
5
Calculate the remainder when 91774034 is divided by 916.
910
Calculate the remainder when 14366869 is divided by 14.
13
Calculate the remainder when 104636 is d